 be the second derivative of i**5/20 - i**4/12 - i**3/6 + i**2 + 5*i. Let t be h(2). What is the highest common factor of t and 4?
4
Let b = -255 + 161. Let j = b - -142. Let h(m) = m**3 + 8*m**2 + 6*m - 4. Let z be h(-6). Calculate the highest common factor of z and j.
16
Let y be (-35)/2*(-6)/5. Suppose 4*j - 2*i - i - 107 = 0, -j - 5*i = -y. Calculate the highest common divisor of j and 26.
26
Let u(i) = 10*i**2 - 7*i + 4*i + i**3 - 9*i + 0*i - 7. Let j be u(-11). Calculate the highest common factor of 20 and j.
4
Let d(z) = -2*z**2 - 5*z + 7. Let j be d(-3). Calculate the greatest common factor of j and 28.
4
Let x be (7/14)/((-3)/(-300)). Calculate the greatest common factor of 75 and x.
25
Let p be -1*5/((-5)/4). Let n = 23 - 7. Calculate the greatest common factor of n and p.
4
Suppose -4*z + 4 = -4, -5*n + 811 = 3*z. Let p = -95 + n. Let m be 325/15 + (-1)/(-3). Calculate the greatest common factor of p and m.
22
Let a(i) = 7. Let k(n) = n. Let z(s) = -a(s) - 3*k(s). Let j be z(-6). Let u = 1 + 10. What is the greatest common divisor of j and u?
11
Let t = 8 + -5. Suppose 0 = -t*q + 376 - 31. What is the highest common factor of 46 and q?
23
Let w be 1*0/((-9)/(-3)). Suppose -2*m - 3*n = -w*m - 7, 2*m - 13 = -5*n. Let c be 8 + 0 - 1/m. What is the highest common factor of 72 and c?
9
Let x = 30 - 19. Let l = 2 + x. Suppose 3*w + 9 = 2*r - r, w = -r + l. What is the highest common factor of r and 12?
12
Let g = -40 - -154. Calculate the greatest common divisor of g and 76.
38
Let n(v) = -v**3 - 18*v**2 + 21*v + 39. Let y be n(-19). Calculate the highest common factor of 8 and y.
1
Suppose -4*j + 504 = -1212. Suppose -3*k + 0*k + j = 0. What is the greatest common factor of k and 13?
13
Let b(c) = -c**2 - 9*c - 8. Let r be b(-8). Suppose r = -2*l - 3*l + 1040. Suppose 7*s - 3*s = l. What is the greatest common divisor of 13 and s?
13
Let q be (-98)/(-6) + 1/(-3). Let i = -10 + q. Calculate the greatest common divisor of i and 12.
6
Let i = 31 + -16. What is the greatest common divisor of 10 and i?
5
Let p be (9 + -14)/((-1 - 1)/26). Calculate the highest common factor of p and 13.
13
Suppose 0 = -u + 18 - 0. What is the highest common divisor of u and 45?
9
Let f be (-969)/(-15) + (-2)/(-5). Calculate the highest common divisor of 26 and f.
13
Let h(u) = 4*u - 18. Let r be h(7). Calculate the greatest common factor of 80 and r.
10
Suppose -47 = -4*w + j + 12, 4*w + 3*j - 79 = 0. What is the greatest common factor of w and 40?
8
Let o(w) = -w**2 - 10*w - 8. Let b be o(-6). Calculate the highest common factor of b and 4.
4
Let f be ((-1962)/(-15))/(-2)*-5. Let p(b) = b**3 - b + 480. Let u be p(0). Let v = u - f. What is the highest common divisor of 17 and v?
17
Suppose -4*i = -3*m + 293, -2*m - 2*i + 497 = 3*m. What is the highest common factor of 11 and m?
11
Suppose -2*o = o - 12. Let c be (-2)/(8/(-130))*o. Suppose 2*y + 2*l - c = 0, y - l = 66 - 5. Calculate the highest common factor of 7 and y.
7
Let y be (-38)/(((-4)/2)/1). Suppose y = i - 26. Calculate the greatest common factor of i and 5.
5
Suppose -60 = -7*n + 4*n. Let d be 1*(21 - (2 - 1)). Suppose d = m + m. Calculate the highest common factor of n and m.
10
Let r be (-2)/8 - (-2426)/8. Let n be r/(-33) - 2/(-11). Let u be (-3)/(3/5)*n. What is the greatest common factor of 18 and u?
9
Suppose 6 = 4*a - 22. Suppose 0 = 2*l - a*l + 815. Let n = l + -68. Calculate the highest common divisor of 19 and n.
19
Let w be (6/(-12))/(2/(-260)). What is the greatest common factor of 26 and w?
13
Let g(j) = j**2 - 12*j + 9. Let b be g(7). Let m = 50 + b. What is the greatest common divisor of 8 and m?
8
Suppose -6*d + 4*m = -d - 36, -4*d + 28 = -4*m. Calculate the highest common divisor of 32 and d.
8
Let v(a) = 15*a**2. Let h = 6 + -8. Let b be v(h). Suppose -u - 2*u = -b. What is the greatest common factor of u and 8?
4
Let a(l) = -2*l**3 + 2*l**2 - 3*l - 3. Let n be a(-2). Let i = n + -5. Calculate the highest common factor of 11 and i.
11
Suppose 8*d - 40 = 3*d. Let j = 13 + -8. Suppose j*i - 5 - 155 = 0. Calculate the highest common factor of i and d.
8
Suppose -2*a - 24 = -4*a. What is the greatest common divisor of a and 12?
12
Suppose 0 = b - 5*t - 63, 3*b + 7*t = 2*t + 289. What is the highest common divisor of 22 and b?
22
Let y(o) = o**2 - 3*o + 6. Let l be y(6). Let x(d) = 42*d**2 + d. Let t be x(-1). Let p = -25 + t. What is the greatest common divisor of l and p?
8
Let a(j) = 38*j + 27. Let u be a(5). Calculate the greatest common divisor of 31 and u.
31
Suppose -109 = -4*n + 3*j + 3, -4*n - j = -128. What is the highest common factor of n and 62?
31
Suppose -4*z - 5 = -13. Suppose 4*v = -b + 28, z*v - 182 = -5*b + 48. Calculate the greatest common divisor of b and 12.
12
Let w be -1 - (-2 + 0 + 0). What is the greatest common divisor of 4 and w?
1
Let f be (-6)/(-3) - (-2 + -1). Suppose 0 = -f*p - 6 + 21. Suppose 0 = -2*i + p*i - 9. Calculate the highest common divisor of i and 3.
3
Suppose -32 - 230 = -b + q, -5*q + 274 = b. What is the greatest common factor of b and 33?
33
Let o = 51 - -34. Calculate the highest common divisor of o and 51.
17
Suppose m = 2*m - 14. Suppose 3*r - m = -2. Suppose r*l + 159 = 411. Calculate the greatest common factor of l and 7.
7
Let w be (-150)/(-9) - (-6)/(-9). Suppose 0 = 2*m - 4*m - 12. Let h be 476/6 - m/9. What is the greatest common divisor of w and h?
16
Let k(p) = 2*p**2 + 16*p - 10. Let f be k(-13). Suppose -4*l + 0 = -f. Calculate the highest common divisor of 20 and l.
10
Suppose -5*k + 0*k + d + 85 = 0, 0 = -5*d - 25. What is the greatest common divisor of k and 128?
16
Suppose -4*g - 3*s + 1537 = -4*s, 2*s - 776 = -2*g. What is the greatest common factor of 35 and g?
35
Let u be -10 - (0 - 1/1). Let r be (-3)/u + 278/(-6). Let t = r - -126. What is the greatest common divisor of t and 32?
16
Let q(g) = -g**3 + 8*g**2 + 2*g - 8. Suppose 5*j - 10 = 0, 0*r + 36 = 5*r - 2*j. Let z be q(r). What is the highest common factor of 56 and z?
8
Suppose q = 5*h - 0*q - 808, -2*h = 5*q - 334. What is the greatest common divisor of 18 and h?
18
Let c = 1 + 0. Let j(b) = -b**2 - 5*b + 7. Let m(w) = w**2 - 10*w + 3. Let t be m(9). Let z be j(t). Calculate the highest common divisor of c and z.
1
Suppose 2 = 3*o - 4. What is the highest common factor of o and 1?
1
Suppose -136 = -2*d - 28. What is the greatest common factor of d and 18?
18
Let r be (-70)/3*((-44)/8 - -4). Suppose -d - 32 = d - u, 4*d + 5*u + 50 = 0. Let x = d - -22. What is the highest common factor of r and x?
7
Let z be ((-2 - -2)/3)/2. Suppose z = -l - 4*s + 1, 0 = 5*l - 2*s + 4*s - 23. Let f be (-1 - l)*(-2)/3. What is the highest common factor of 8 and f?
4
Let o be (3*13)/(1 + 6/(-9)). What is the greatest common divisor of o and 13?
13
Let m(o) = o**3 + o + 2. Let a be m(2). Suppose a = p - 5. Let y(v) = v**2 + 4*v - 9. Let f be y(6). What is the greatest common divisor of p and f?
17
Let o(w) = -w**3 + 6*w**2 - 4*w + 4. Let t be o(5). What is the highest common divisor of t and 9?
9
Let j be 7/((-42)/(-4))*63. Let r = 5 - -23. Calculate the greatest common divisor of r and j.
14
Let q be 12/(-10)*(-150)/12. Let k be (-2)/((-14)/(-10) + -1). Let y = k + 8. Calculate the highest common divisor of q and y.
3
Suppose 4*d = 40 + 36. Suppose -m + 2 = 1, 0 = 3*a - 4*m - 14. Let v = d + a. Calculate the highest common divisor of 200 and v.
25
Suppose -38 = 2*v - 12. Let n be -3 - (v - (-1 + 1)). Calculate the highest common factor of 10 and n.
10
Suppose 3*j = 5*m + 103, m - 181 = -5*j - 0*m. What is the highest common divisor of j and 27?
9
Suppose 6*l + 132 = i + l, -5*l + 316 = 3*i. Calculate the greatest common factor of i and 16.
16
Suppose 5*s + 3*o - 30 = 26, 3*s = -2*o + 34. Let h(d) = -3*d - 4. Let q be h(-4). Suppose -4 - q = -3*l. What is the greatest common divisor of l and s?
2
Let a(m) = 7*m + 8. Let h be a(2). Calculate the highest common factor of 11 and h.
11
Let y(o) = 2*o**3 - 7*o**2 + o + 4. Let n be y(6). Suppose -14 + n = 2*x. Calculate the greatest common divisor of 11 and x.
11
Let o be (-3 + 1)*16*-4. Calculate the greatest common divisor of 16 and o.
16
Suppose 0 = 3*s + 16 - 58. What is the greatest common factor of s and 154?
14
Suppose -8*v = 